d
8aa29 (base 11) to base 13
47c22
-222212000112 (base 3) to base 15
-a690e
154452445 (base 6) to base 5
1321212414
Convert 242754 (base 12) to base 11.
36a692
What is -2424 (base 7) in base 16?
-384
Convert -18043 (base 9) to base 8.
-30220
Convert 21001021212211 (base 3) to base 8.
16223354
-1043213 (base 7) to base 16
-1f586
What is -111100011101010101 (base 2) in base 7?
-2050655
-4234331 (base 5) to base 13
-26552
Convert -5332322 (base 6) to base 4.
-333232322
Convert 2415146 (base 9) to base 16.
13fadf
Convert -9d0737 (base 14) to base 16.
-51803d
3020c3 (base 14) to base 13
448c87
-4b5934 (base 12) to base 4
-10231013320
Convert 5c7599 (base 13) to base 16.
21ce7b
Convert -1255277 (base 9) to base 5.
-133424341
What is -1001101201110 (base 3) in base 10?
-558939
-afd5c (base 16) to base 7
-6056524
What is 10201320 (base 4) in base 15?
576c
Convert -11101110100101000100 (base 2) to base 5.
-222232340
What is -9dd88 (base 14) in base 8?
-1356124
Convert 2132423 (base 5) to base 11.
25565
-33213033 (base 4) to base 3
-10020201120
Convert -206158 (base 9) to base 4.
-131323232
Convert -12839b (base 12) to base 15.
-6041e
Convert 18136ab (base 14) to base 4.
231110122213
-312378 (base 9) to base 11
-117399
What is 2104035 (base 6) in base 5?
11230400
Convert -186152 (base 16) to base 10.
-1597778
Convert 21fbe (base 16) to base 4.
201332332
What is -122322113003 (base 4) in base 15?
-945492
Convert 1b468 (base 14) to base 2.
10000111101100100
What is 19a84 (base 14) in base 15?
144ad
What is 10101010100101100110010 (base 2) in base 4?
111110230302
-fa92 (base 16) to base 12
-31156
244131321 (base 5) to base 13
318872
What is -979dc (base 16) in base 7?
-5164361
What is -112020220222 (base 3) in base 15?
-58225
What is -4c13a2 (base 13) in base 9?
-3400265
1a931ca (base 13) to base 12
2b468aa
30032655 (base 7) to base 10
2478852
What is -769a79 (base 11) in base 7?
-13304366
-307213 (base 11) to base 5
-111231401
Convert -10095 (base 12) to base 13.
-964a
What is 9c83 (base 16) in base 4?
21302003
Convert -49142 (base 12) to base 4.
-120012002
-113222213213 (base 4) to base 14
-b76c63
Convert 220021101200 (base 3) to base 15.
96873
Convert 8676450 (base 10) to base 3.
121022210212000
1432410030 (base 5) to base 10
3794390
-4740636 (base 8) to base 5
-312413000
8e4e7 (base 16) to base 8
2162347
21220110122210 (base 3) to base 14
7b533d
Convert 11402631 (base 8) to base 6.
125224041
24442323 (base 6) to base 16
bf3eb
What is -4585ab (base 12) in base 8?
-4177123
1100100000011001101001 (base 2) to base 14
614aa5
40621 (base 13) to base 3
12212010211
Convert 405247 (base 15) to base 3.
12202012112011
What is -2002103102 (base 4) in base 6?
-15234522
What is 1dc367 (base 16) in base 7?
22402533
What is -3000142 (base 8) in base 6?
-24505202
-1776034 (base 9) to base 10
-995116
Convert -1011010001100101110101 (base 2) to base 14.
-56d1ad
Convert -380601 (base 14) to base 16.
-1d53b9
Convert 11032024 (base 5) to base 2.
10111011010010001
What is -863955 (base 10) in base 16?
-d2ed3
30104403 (base 6) to base 2
11001111001011010011
-323407 (base 9) to base 7
-1432030
What is -114140522 (base 6) in base 12?
-881742
811a66 (base 12) to base 15
29bde3
-102113131 (base 5) to base 3
-210122102022
Convert -1434214 (base 7) to base 15.
-3c541
67f170 (base 16) to base 10
6812016
What is 111110101101110001010 (base 2) in base 8?
7655612
What is -2998f (base 16) in base 3?
-22122201111
Convert 808887 (base 9) to base 12.
1b1207
Convert 101000011002111 (base 3) to base 10.
5317393
Convert -105451 (base 6) to base 9.
-13344
Convert -16424 (base 11) to base 4.
-11221201
What is 11001011110111100110001 (base 2) in base 12?
22a1b55
11114114 (base 5) to base 16
17ef2
What is 121222202332 (base 4) in base 8?
31524276
What is 42461562 (base 7) in base 16?
371c58
What is 30025612 (base 7) in base 11?
1442387
What is 3b070c (base 13) in base 12?
58b139
Convert 20887a (base 16) to base 4.
20020201322
-711753 (base 9) to base 12
-183940
1032330210 (base 5) to base 7
24645422
What is 6560571 (base 8) in base 3?
10022111112120
Convert 111220222111 (base 3) to base 12.
11274a
-72834 (base 15) to base 5
-43103344
22b7a (base 12) to base 15
dc21
Convert 12020222111 (base 3) to base 4.
121101100
What is -286a1 (base 16) in base 5?
-20244122
What is 131418 (base 12) in base 2?
1001100100000010100
3448d (base 14) to base 15
27a08
What is -85ba2 (base 13) in base 9?
-407203
Convert 7bb700 (base 12) to base 10.
1989936
What is -172bd3 (base 16) in base 9?
-2764044
7825 (base 14) to base 12
10061
133014 (base 9) to base 3
11010000111
Convert -10010111001001000011 (base 2) to base 11.
-393136
What is -83951 (base 11) in base 5?
-12403031
Convert 10000110000111110 (base 2) to base 14.
1b050
What is -12742776 (base 9) in base 4?
-113333002230
-424442204 (base 5) to base 11
-1017861
What is -33093 (base 11) in base 13?
-18b19
1013205 (base 6) to base 2
1011111000100101
What is 12010300130 (base 4) in base 6?
54043552
Convert 11241223 (base 5) to base 4.
121010200
2769 (base 12) to base 16
11c1
What is 20364 (base 8) in base 6?
103020
-63d23c (base 16) to base 6
-352114300
What is 100011101111011110000 (base 2) in base 3?
2012111120012
Convert 548673 (base 9) to base 15.
67233
-172985 (base 12) to base 14
-a54c5
-262320 (base 7) to base 11
-33795
32223202 (base 4) to base 6
1142214
994842 (base 12) to base 10
2434226
-240dbe (base 16) to base 13
-64961c
107213 (base 9) to base 11
44369
-1513277 (base 8) to base 11
-275472
-2442141 (base 5) to base 3
-2100211221
What is -321012110 (base 4) in base 12?
-b3418
What is -170936 (base 10) in base 14?
-4641a
What is 60879 (base 13) in base 9?
283050
-161602453 (base 7) to base 14
-164582a
10011201102012 (base 3) to base 12
694488
-6c87f5 (base 16) to base 2
-11011001000011111110101
What is -2203131 (base 4) in base 9?
-15313
-c743 (base 14) to base 7
-202113
What is -2033121120 (base 4) in base 11?
-371317
What is -162014 (base 10) in base 14?
-43086
-161051 (base 10) to base 11
-100000
Convert 1022832 (base 9) to base 11.
343819
What is -110010011100110101 (base 2) in base 11?
-13128a
What is -2c6 (base 14) in base 10?
-566
What is -23040 (base 6) in base 13?
-1641
Convert -360667 (base 8) to base 11.
-84719
What is -126554563 (base 7) in base 16?
-7d5bbb
Convert a6987 (base 13) to base 5.
34103144
1677653 (base 11) to base 12
b5569b
What is 390797a (base 11) in base 10?
6774635
What is 613266 (base 7) in base 11?
714a6
What is -1120212101201 (base 3) in base 14?
-17d6b4
Convert -a62040 (base 11) to base 7.
-20313236
What is -110210366 (base 7) in base 5?
-3143441204
Convert -10233232322 (base 4) to base 14.
-245558
-beb2d (base 15) to base 12
-253097
What is 10251 (base 10) in base 13?
4887
3604636 (base 7) to base 12
19b70a
10011122313 (base 4) to base 8
4053267
What is -101443220 (base 6) in base 2?
-110101110011111011100
-24641663 (base 7) to base 11
-12925a1
What is 110001110222220 (base 3) in base 13?
1433cca
Convert 16814 (base 16) to base 3.
11200110002
d49b8 (base 15) to base 9
1236272
Convert -223431133 (base 5) to base 7.
-11330204
What is -135240614 (base 7) in base 8?
-41646576
What is -233344 (base 5) in base 2?
-10000110010111
Convert -100404 (base 14) to base 12.
-21b844
Convert 27142412 (base 9) to base 2.
110011000000111010110111
1100022221102 (base 3) to base 16
ae962
-148420 (base 9) to base 16
-1654b
What is 29aad2 (base 14) in base 10?
1450976
What is -43123014 (base 5) in base 9?
-614443
18b533 (base 14) to base 12
3631a1
Convert -91023 (base 11) to base 3.
-20202121120
13340142234 (base 5) to base 3
1012012112210201
1025165 (base 7) to base 2
11110010101100110
What is 2663315 (base 7) in base 10?
351734
What is 2393a2 (base 16) in base 3?
11101110021212
Convert 10011111010100110011111 (base 2) to base 16.
4fa99f
Convert 5894378 (base 10) to base 2.
10110011111000011101010
Convert -10100110111011100011 (base 2) to base 4.
-2212323203
What is b640e8 (base 16) in base 13?
2622772
What is -daab (base 14) in base 9?
-56741
Convert 49a27 (base 14) to base 7.
1350550
150440 (base 6) to base 13
6747
What is -173318 (base 10) in base 16?
-2a506
-32160236 (base 7) to base 5
-1200043030
-3b8d35 (base 16) to base 2
-1110111000